e 6, what is 13 - -5350305044?
5350305101
In base 8, what is -2335434 + -3?
-2335437
In base 13, what is 1 + 1326a02b?
1326a02c
In base 15, what is 123 + -1256?
-1133
In base 7, what is 1131324 - 335?
1130656
In base 10, what is 18496 + -3964?
14532
In base 12, what is 75 - 50405?
-50350
In base 16, what is 40f9 - -2000?
60f9
In base 4, what is 0 + -102302302303033?
-102302302303033
In base 11, what is -311493 + 145?
-311349
In base 7, what is -1431431 - -210?
-1431221
In base 14, what is -326 - -b7404?
b70bc
In base 6, what is -43 - 14305103?
-14305150
In base 3, what is -122 + -12001010122000?
-12001010122122
In base 5, what is 340 - -420333033?
420333423
In base 14, what is 98c20 - -3?
98c23
In base 8, what is 6 + -2106612?
-2106604
In base 11, what is -119a9 + -2853?
-14751
In base 13, what is 42263 + 29?
4228c
In base 11, what is 3a975060 - 2?
3a975059
In base 11, what is -119090 + 30?
-119060
In base 6, what is -302445 - 23?
-302512
In base 2, what is 110011101011110010 - -1000000?
110011101100110010
In base 5, what is 13111211211 + -1?
13111211210
In base 4, what is 1 - 311003301212?
-311003301211
In base 7, what is -12331562 + -636?
-12332531
In base 14, what is -ab1a + -42c?
-b148
In base 6, what is -1 - 145441252?
-145441253
In base 11, what is 1042 - -104a2?
11534
In base 2, what is -1010010011011010 + 110001?
-1010010010101001
In base 15, what is -267 - 35bd3b?
-35c0a3
In base 15, what is 1d31 - d2d3?
-b4a2
In base 12, what is -2722 + -184b8?
-1b01a
In base 14, what is 10a - -22641?
2274b
In base 5, what is 3 + -111034313?
-111034310
In base 12, what is -716560 + -6?
-716566
In base 6, what is 100502 + 2111?
103013
In base 6, what is -103545 - -13122?
-50423
In base 5, what is -101003 - 212303?
-313311
In base 16, what is 4f + -12c402?
-12c3b3
In base 14, what is 13353 - 60?
132d3
In base 7, what is -11062023 - 310?
-11062333
In base 6, what is 13020135 + 252?
13020431
In base 4, what is -3200 + 30302303?
30233103
In base 12, what is 499 - 60a41?
-60564
In base 10, what is 261051446 + -4?
261051442
In base 7, what is -1256 - 165424?
-200013
In base 15, what is -4 - 2cbd249?
-2cbd24d
In base 8, what is -3056713 + -3204?
-3062117
In base 9, what is 6 - -21636684?
21636701
In base 7, what is 2 - -43230144?
43230146
In base 8, what is -66046 - -647?
-65177
In base 10, what is -2032172 + -8?
-2032180
In base 13, what is 75514 + 21?
75535
In base 6, what is -5 + -145024453?
-145024502
In base 5, what is 312 - -1043142?
1044004
In base 6, what is -143 - 24153135?
-24153322
In base 2, what is -1011011101010001001010111 + -10100?
-1011011101010001001101011
In base 7, what is -21633161 + 61?
-21633100
In base 10, what is -24473311 + -10?
-24473321
In base 8, what is -700243 - -4605?
-673436
In base 9, what is -17446300 - -4?
-17446285
In base 16, what is 7c2c - cd?
7b5f
In base 3, what is -10 - -210021021211?
210021021201
In base 6, what is -23 - -11430345?
11430322
In base 2, what is 101000100100 - 1100010110010?
-111010001110
In base 9, what is 0 - 1102143?
-1102143
In base 8, what is 0 + 67713056?
67713056
In base 15, what is 4ce54b0 - -6?
4ce54b6
In base 4, what is -1 + -11201102010?
-11201102011
In base 4, what is -1010 + 11310022?
11303012
In base 13, what is -2a6a682 + 4?
-2a6a67b
In base 12, what is -24 + 36704a?
367026
In base 14, what is da30742c + -3?
da307429
In base 2, what is -1 + -101110011001010001101111?
-101110011001010001110000
In base 12, what is -3733a7b - -24?
-3733a57
In base 15, what is 257 - 106894?
-10663c
In base 14, what is 151cb9 - -91?
151d6a
In base 14, what is 47b + 75209?
75686
In base 12, what is -1a2b0 - 5a5?
-1a895
In base 12, what is -228b311 - -11?
-228b300
In base 5, what is -3 - -330234413?
330234410
In base 2, what is 1111010110011011101101 - -100?
1111010110011011110001
In base 16, what is 1 - -4242472?
4242473
In base 8, what is -106546600 + 3?
-106546575
In base 14, what is 19994847 - -3?
1999484a
In base 3, what is 120012 + 20010102222?
20011000011
In base 8, what is -15351022 - 44?
-15351066
In base 2, what is -10110 - -1011111111011100010011?
1011111111011011111101
In base 4, what is -111000233 + -221?
-111001120
In base 16, what is -11d18 - -162a?
-106ee
In base 11, what is 23 + 12982a?
129852
In base 14, what is -338244 - -58?
-3381ca
In base 14, what is -360b + -360d?
-6c1a
In base 15, what is d55016 - -5?
d5501b
In base 7, what is 41104053 + 21?
41104104
In base 4, what is -1002312 + -21013?
-1023331
In base 16, what is -732753 - -24?
-73272f
In base 15, what is 2 - -1278ec?
1278ee
In base 16, what is 1bdf4f + -a?
1bdf45
In base 3, what is -2122 - -220022212111?
220022202212
In base 2, what is -11 + 110011010100001101?
110011010100001010
In base 3, what is -100202 - 10122201221?
-10200002200
In base 9, what is 7232 + -2?
7230
In base 12, what is -1856a + 751?
-17a19
In base 11, what is a + -3971997?
-3971988
In base 2, what is 10000100001011 + -10111010111?
1101100110100
In base 2, what is 111101011010000001111 - 1000?
111101011010000000111
In base 7, what is 0 - 3341620420?
-3341620420
In base 11, what is -1aa37 + -21557?
-41493
In base 2, what is 1101100100 - 1110001100100?
-1100100000000
In base 3, what is 10210101212021 - -12?
10210101212110
In base 11, what is 0 - -a7861a5a?
a7861a5a
In base 9, what is -180 + 137720?
137530
In base 12, what is 81252 - -131?
81383
In base 16, what is 426c - -1803?
5a6f
In base 5, what is -2 + 132243240?
132243233
In base 3, what is -10010 - 100222100121020?
-100222100201100
In base 7, what is 2012365 + -16?
2012346
In base 16, what is -74efe + -f?
-74f0d
In base 4, what is 1331313001310 - 0?
1331313001310
In base 4, what is 131332122 + -3223?
131322233
In base 2, what is -10000010101110000111111110001 + 100?
-10000010101110000111111101101
In base 15, what is 18bc410 + -5?
18bc40a
In base 11, what is -159 - -13732?
13584
In base 2, what is -11001010001101 + -101001100010100?
-1000010110100001
In base 3, what is -202101102 - 12022102?
-221200211
In base 8, what is 125531714 + 5?
125531721
In base 2, what is 101 - 10010110001010000100101?
-10010110001010000100000
In base 7, what is -2205324 + -14?
-2205341
In base 16, what is 1 - -8a4a75d?
8a4a75e
In base 4, what is -20 + -13220010100?
-13220010120
In base 16, what is -1cc6 + -498?
-215e
In base 6, what is 4 + -402354430?
-402354422
In base 12, what is -170b5 + -2861?
-19956
In base 2, what is 11010001100110011 + -1100100100?
11010000000001111
In base 13, what is 214c0 - -121a?
2270a
In base 15, what is -58d - -1d6e?
17d1
In base 4, what is 1011312 - 111102113?
-110030201
In base 2, what is 1101011010000111110111 - -11100?
1101011010001000010011
In base 4, what is 33 - -20112113022?
20112113121
In base 15, what is dd + -479d8?
-478ea
In base 6, what is 144013 + -312?
143301
In base 4, what is -12033210000120 - -2?
-12033210000112
In base 16, what is -4e49e + 17?
-4e487
In base 6, what is -2354 + 205054?
202300
In base 14, what is 4 + 751a137?
751a13b
In base 2, what is -11001101110011001 + 110000001?
-11001101000011000
In base 14, what is -32c6b4 + -11?
-32c6c5
In base 10, what is -1102993 + -6?
-1102999
In base 5, what is 401144 - 1114?
400030
In base 16, what is 69 + -1a95?
-1a2c
In base 9, what is -211 - 162861?
-163172
In base 4, what is 20320021213322 + -3?
20320021213313
In base 2, what is 10101100 + 1001110111000110011?
1001110111011011111
In base 4, what is -222110 + 10122000?
3233230
In base 12, what is -1 - -237ab655?
237ab654
In base 13, what is -3ab + 387?
-24
In base 13, what is -5 + -105b399?
-105b3a1
In base 2, what is 11101111 + -110011011?
-10101100
In base 7, what is -514205 - -2?
-514203
In base 6, what is -55 - -21004221?
21004122
In base 9, what is -45 - -85468?
85423
In base 15, what is -4b69d - 26?
-4b6c4
In base 10, what is 15 - -12489399?
12489414
In base 4, what is 1113012113 - 232?
1113011221
In base 11, what is 29907724 + 33?
29907757
In base 9, what is 1840 - 1334370?
-1332430
In base 8, what is 0 + -112261242?
-112261242
In base 2, what is -1100001011100010010 + -11011010?
-1100001011111101100
In base 14, what is -43750 - 35?
-43785
In base 16, what is -153e1 - -85?
-1535c
In base 15, what is -32 + 52484?
52452
In base 13, what is -42 - 71701?
-71743
In base 13, what is -2